62*w - 1032. What are the prime factors of p(135)?
2, 3, 7, 547
Suppose 7 = g, -5317*a + 5319*a - 2*g - 111940 = 0. List the prime factors of a.
3, 47, 397
Suppose -9*n + 40 + 23 = 0. Suppose n*s - 10*s + 33 = 0. List the prime factors of (-5 + s)*15 + 1*-1.
89
Suppose -17*r + 162443 = 49359. What are the prime factors of r?
2, 1663
Suppose 24*l = 29*l - 1470. What are the prime factors of l + (0 - (-5 - -8))?
3, 97
Let i(j) = 2*j**2 - 5*j - 10. Let s be i(4). Let g(v) = 12 + 26*v + 15 - 4 - v**s. What are the prime factors of g(14)?
191
Let o(z) = 34*z**3 - 32*z**2 - 6*z + 13. List the prime factors of o(6).
31, 199
Suppose -17*r = -15 - 70. Suppose -3*o + r*f + 4136 = 774, -f - 4477 = -4*o. What are the prime factors of o?
3, 373
Suppose 0 = -9*k + 110 - 10271. Let l = 1652 + k. What are the prime factors of l?
523
Suppose 0 = -169*g + 135*g + 217260. List the prime factors of g.
2, 3, 5, 71
Suppose 2*d = 35 - 55. Let h(x) = 5*x**2 - 30*x - 162. What are the prime factors of h(d)?
2, 11, 29
Let b(s) = 44*s + 16. Let j(y) = -15*y - 5. Let k(o) = -2*b(o) - 7*j(o). Let z be k(-1). What are the prime factors of (-11)/(z/6 + 2)?
3, 11
List the prime factors of -17 + (-5 + 17517 - 6).
17489
Let m be (-2 + 132/(-10))/(2/(-5)). Suppose 46*u = 47*u + m. Let c = 6 - u. What are the prime factors of c?
2, 11
Let n(j) = 3 + 3 + 11*j + 12*j - 12*j + 4*j**2. Let v be n(6). Suppose 5*b - 270 = 4*y, 3*y - v = -2*b - 2*b. What are the prime factors of b?
2, 3
Let t be 6*5/210 + (-1080)/(-35). Suppose t*s - 240 = 1186. What are the prime factors of s?
2, 23
Let y(o) = -o**3 - 7*o**2 - 7*o - 4. Let a be y(-5). Let z(s) = -s**2 - 28*s - 21. Let q be z(a). Suppose 3*h = h + q. What are the prime factors of h?
3, 5
Let z(v) = -138*v**3 - 235 + 27*v**3 + 236. Let y be (-9)/6*(-2)/(-3). List the prime factors of z(y).
2, 7
Let q = 15386 + -8839. What are the prime factors of q?
6547
Suppose -208*a - 3206 = -215*a. Let p = a + 154. What are the prime factors of p?
2, 3, 17
Let k = 17 - -31. Let n = 174 - k. What are the prime factors of n?
2, 3, 7
Let y(k) = 89*k**3 - 29*k**2 + 107*k + 25. List the prime factors of y(5).
2, 5, 137
Let x be (4 + -10)*21/6. Let r = 66 + x. What are the prime factors of (r/30)/((-2)/(-60))?
3, 5
Let m(i) = 2*i**3 + i**3 - 2*i**2 + 14*i**2 - 7*i + 9*i**2 + 0 - 1. List the prime factors of m(-6).
149
Suppose -1 = 3*i + 2, -2*h + 14 = -2*i. Let p be 2578/h + 10/(-15). Let w = -285 + p. List the prime factors of w.
2, 3
Let w be (-3)/(-6) - (8 + 2628/(-8)). Let b = -50 + w. What are the prime factors of b?
271
Let i(s) = 42*s + 1. Let w be i(1). Suppose -w*a + 37*a + 8088 = 0. List the prime factors of a.
2, 337
List the prime factors of 132825/6*(191 + -189).
5, 7, 11, 23
Suppose 5*a = 5, 0 = -2*o + 3*o - 3*a - 2. Suppose -o*z = -7*z + 858. What are the prime factors of z?
3, 11, 13
Let j = 891 - 593. Let k = 573 - j. List the prime factors of k.
5, 11
Let y be (54/63)/(6/21). Let a be (-3)/(27/(-3))*249. Suppose 0*u - 5*j - 54 = -3*u, 4*u - a = y*j. What are the prime factors of u?
23
Suppose -2*s = 2*w + 68 - 194, 141 = 2*s - w. Let c = 300 - s. List the prime factors of c.
2, 29
Suppose -2203 = 15*s - 17698. List the prime factors of s.
1033
What are the prime factors of 23545 + 3/(10*(-10)/(-300))?
2, 11777
Let p = 6250 - 3595. List the prime factors of p.
3, 5, 59
What are the prime factors of (-12)/(-21) + 10383/21*8?
2, 23, 43
Suppose 117*s = -144*s + 5807250. What are the prime factors of s?
2, 5, 89
Let v = -3537 - -20442. List the prime factors of v.
3, 5, 7, 23
Suppose -3*x = -6*r + 7*r - 15, 0 = 5*r - 2*x - 7. Suppose -r*j + 2*i = -1060, 15 = -7*i + 4*i. List the prime factors of j.
2, 5, 7
Let x = 10630 - 6926. List the prime factors of x.
2, 463
Let y(g) = -g**3 - 4*g**2 + 8*g + 16. Let m be y(-5). What are the prime factors of ((-304)/48)/(m/(-120))?
2, 5, 19
Let b(s) = s**3 - 18*s**2 + 4*s**2 - 5*s - 4*s - 12 - 2*s**3 + 55*s. What are the prime factors of b(-19)?
919
Suppose 5*q = -31 - 34. Let k(r) = -r**3 - 6*r**2 + 11*r - 18. Let s be k(q). Suppose -7*i + s = -98. List the prime factors of i.
2, 5
Let v be -2 + 4 + (38 - 0). Suppose -112 = -3*s + 134. Let h = s - v. List the prime factors of h.
2, 3, 7
Let t = -8667 - -11326. What are the prime factors of t?
2659
Let q(j) = -j + 6. Let v be q(-4). Suppose -v*c = -7*c - 756. List the prime factors of c.
2, 3, 7
Let p(u) = 348*u - 135. Let h be p(5). Let r = h - 1005. What are the prime factors of r?
2, 3, 5
Let p = 27837 + -12229. What are the prime factors of p?
2, 1951
Let p(g) = -11*g - 6. Let n be p(7). Suppose 2*j = -2*o - 26 + 58, -5*j + 4*o = -44. Let q = j - n. List the prime factors of q.
5, 19
Let b(t) = -8*t**2 - 10*t - 3. Let u(f) = -8*f**2 - 9*f - 4. Let r(z) = 2*b(z) - 3*u(z). What are the prime factors of r(5)?
241
Let b = 347 - 112. Suppose -4*a + 967 = b. Suppose -97 = -2*c + a. What are the prime factors of c?
2, 5, 7
Let p = -68 - -74. Suppose 1330 = 3*x + 4*q, -2*x + 894 = p*q - 7*q. What are the prime factors of x?
2, 223
Suppose 9*b + 1106 - 19425 - 12605 = 0. List the prime factors of b.
2, 859
Let l(i) = -1326*i - 8760. What are the prime factors of l(-23)?
2, 3, 3623
Let f = 331 + -328. Suppose 17*l - 12*l - f*r - 6163 = 0, -5*l = 4*r - 6191. List the prime factors of l.
5, 13, 19
Let o(j) = 7*j**2 + 315*j + 239. List the prime factors of o(-74).
3, 5087
Suppose -4*h = -j - 393, -4*h = 2*j - 136 + 970. Let v = 1197 + j. What are the prime factors of v?
2, 197
Suppose 2454 = -45*u + 48*u. Suppose 0 = 3*d - 4*q - 1213, -6*d - 5*q - u = -8*d. What are the prime factors of d?
3, 7, 19
Let x be (60/(-100) - (-6)/10)/(-2). Suppose x = -9*f + 320 + 238. What are the prime factors of f?
2, 31
Let z = -438 - -863. Let b = -194 + z. List the prime factors of b.
3, 7, 11
Suppose 2*j + 4 = -b + 126, 3*j + b = 185. Suppose -j*d = -64*d + 568. List the prime factors of d.
2, 71
What are the prime factors of (4/24)/(11 + (-2038474)/185316)?
15443
Suppose 16 - 4 = -4*n, -541 = 5*k - 3*n. Let h = 112 + k. Suppose -4*w - 179 = -2*a - 5*w, -2*a - h*w + 178 = 0. List the prime factors of a.
2, 3, 5
Let s be (-6 + 3)/(3/574). Let h = s - -838. Suppose -o - 3*o = -h. List the prime factors of o.
2, 3, 11
Let i = 3436 + -332. What are the prime factors of i?
2, 97
Let g = -1483 + -2010. Let k = -2202 - g. List the prime factors of k.
1291
Let f(i) = 10*i + 79. Let l(q) = 11*q + 79. Let z(h) = 3*f(h) - 2*l(h). What are the prime factors of z(8)?
11, 13
Let s = -3644 + 6863. What are the prime factors of s?
3, 29, 37
Suppose -15*v = 39547 + 105533. What are the prime factors of 6/45*-6 + v/(-15)?
2, 7, 23
Let u(m) = -m**2 - 66*m - 350. Let t be u(-6). Suppose 9*b - t*b = s - 756, -2988 = -4*b + 5*s. What are the prime factors of b?
2, 47
Let i(x) = -226*x**2 - 8*x + 13. Let j be i(3). Let s = j - -2943. What are the prime factors of s?
2, 449
Let n(a) = 6*a**2 - 35*a + 406. What are the prime factors of n(36)?
2, 3461
Let q = 110 - 89. Suppose 4*n + 2*a = 2 + 12, -3*n + 2*a = -q. List the prime factors of 196/6 - (n + (-65)/15).
2
Suppose 3*j + 0*j - 15 = 0. Let m(n) = -132*n + 82*n + 67*n + 6. List the prime factors of m(j).
7, 13
Let a(s) = -s**2 - 14*s - 33. Let q be a(-11). Suppose 5*n + 2*j = 10*n - 4192, q = -5*n - 2*j + 4208. What are the prime factors of n?
2, 3, 5, 7
Let v(j) be the second derivative of j**4/12 + 17*j**3/6 + 3*j**2 - 92*j. What are the prime factors of v(18)?
2, 3, 53
Suppose 3*d - 5*w - 1145 = 0, 0 = -2*d - 3*w + 735 + 60. Suppose -3*a = 4*o - 1175, 0 = a + 2*o + o - d. What are the prime factors of a?
3, 131
Let o = 29217 - -6451. List the prime factors of o.
2, 37, 241
Suppose -4*n - 100 = -8*n. Suppose -4*z = z - n. List the prime factors of (z/(-2))/(158/(-52) + 3).
5, 13
Suppose -3 = s + 3*k - 1, 4*s - 2*k = 34. Suppose 1055 = s*t - 716. List the prime factors of t.
11, 23
Let i(v) = -8*v + 288. Let o be i(36). Let k = 2 - -62. Let y = k - o. What are the prime factors of y?
2
Suppose -127 = -18*h + 161. Let y(b) be the first derivative of 11*b**2/2 + 56*b + 12. What are the prime factors of y(h)?
2, 29
Suppose -v = 7*u - 3*u - 15769, -5*v = -2*u - 78779. List the prime factors of v.
7, 2251
Let f(b) = b**3 - 5*b**2 - 3*b - 10. Let p 